rime factors of 6003?
3, 23, 29
What are the prime factors of 2315?
5, 463
What are the prime factors of 345?
3, 5, 23
List the prime factors of 1763.
41, 43
What are the prime factors of 4299?
3, 1433
What are the prime factors of 1889?
1889
List the prime factors of 25512.
2, 3, 1063
List the prime factors of 1982.
2, 991
List the prime factors of 37411.
11, 19, 179
List the prime factors of 15586.
2, 7793
What are the prime factors of 104192?
2, 11, 37
What are the prime factors of 4?
2
What are the prime factors of 13447?
7, 17, 113
List the prime factors of 1909.
23, 83
What are the prime factors of 4642?
2, 11, 211
What are the prime factors of 33272?
2, 4159
What are the prime factors of 34974?
2, 3, 29, 67
List the prime factors of 2146.
2, 29, 37
List the prime factors of 22013.
22013
What are the prime factors of 348?
2, 3, 29
What are the prime factors of 32839?
32839
List the prime factors of 1188.
2, 3, 11
List the prime factors of 1463.
7, 11, 19
What are the prime factors of 409?
409
List the prime factors of 1360.
2, 5, 17
What are the prime factors of 21957?
3, 13, 563
List the prime factors of 121.
11
List the prime factors of 557.
557
What are the prime factors of 13157?
59, 223
List the prime factors of 1357.
23, 59
What are the prime factors of 2108?
2, 17, 31
What are the prime factors of 2224?
2, 139
What are the prime factors of 4325?
5, 173
List the prime factors of 1325.
5, 53
List the prime factors of 6540.
2, 3, 5, 109
List the prime factors of 10429.
10429
List the prime factors of 35391.
3, 47, 251
List the prime factors of 125453.
125453
What are the prime factors of 1145?
5, 229
List the prime factors of 916.
2, 229
What are the prime factors of 1641?
3, 547
List the prime factors of 6443.
17, 379
List the prime factors of 5663.
7, 809
List the prime factors of 17120.
2, 5, 107
List the prime factors of 1342.
2, 11, 61
List the prime factors of 337.
337
List the prime factors of 28819.
7, 23, 179
List the prime factors of 674.
2, 337
What are the prime factors of 29169?
3, 7, 463
List the prime factors of 4396.
2, 7, 157
What are the prime factors of 1850?
2, 5, 37
What are the prime factors of 843?
3, 281
List the prime factors of 125280.
2, 3, 5, 29
What are the prime factors of 9148?
2, 2287
What are the prime factors of 6643?
7, 13, 73
What are the prime factors of 19409?
13, 1493
List the prime factors of 3289.
11, 13, 23
List the prime factors of 2177.
7, 311
List the prime factors of 10937.
10937
What are the prime factors of 1605?
3, 5, 107
List the prime factors of 6160.
2, 5, 7, 11
What are the prime factors of 2673?
3, 11
List the prime factors of 15090.
2, 3, 5, 503
List the prime factors of 751.
751
List the prime factors of 47546.
2, 23773
What are the prime factors of 1301?
1301
List the prime factors of 17123.
17123
List the prime factors of 8442.
2, 3, 7, 67
What are the prime factors of 4?
2
List the prime factors of 806.
2, 13, 31
List the prime factors of 2472.
2, 3, 103
What are the prime factors of 141?
3, 47
What are the prime factors of 1989?
3, 13, 17
What are the prime factors of 45?
3, 5
What are the prime factors of 2706?
2, 3, 11, 41
What are the prime factors of 594?
2, 3, 11
List the prime factors of 765.
3, 5, 17
What are the prime factors of 3662?
2, 1831
What are the prime factors of 67697?
7, 19, 509
What are the prime factors of 11123?
7, 227
What are the prime factors of 1668?
2, 3, 139
What are the prime factors of 2165?
5, 433
What are the prime factors of 9295?
5, 11, 13
What are the prime factors of 3443?
11, 313
List the prime factors of 627.
3, 11, 19
List the prime factors of 1999.
1999
What are the prime factors of 18584?
2, 23, 101
List the prime factors of 15387.
3, 23, 223
What are the prime factors of 805?
5, 7, 23
List the prime factors of 8114.
2, 4057
What are the prime factors of 3796?
2, 13, 73
What are the prime factors of 30885?
3, 5, 29, 71
List the prime factors of 10259.
10259
What are the prime factors of 29268?
2, 3, 271
What are the prime factors of 27472?
2, 17, 101
What are the prime factors of 1583?
1583
List the prime factors of 1294.
2, 647
What are the prime factors of 4116?
2, 3, 7
What are the prime factors of 642?
2, 3, 107
List the prime factors of 758.
2, 379
List the prime factors of 16436.
2, 7, 587
What are the prime factors of 6666?
2, 3, 11, 101
What are the prime factors of 29675?
5, 1187
List the prime factors of 368.
2, 23
List the prime factors of 2582.
2, 1291
What are the prime factors of 18571?
7, 379
List the prime factors of 25072.
2, 1567
List the prime factors of 286.
2, 11, 13
What are the prime factors of 665?
5, 7, 19
What are the prime factors of 1483?
1483
List the prime factors of 1688.
2, 211
What are the prime factors of 1424?
2, 89
List the prime factors of 36163.
29, 43
What are the prime factors of 46092?
2, 3, 23, 167
What are the prime factors of 803?
11, 73
What are the prime factors of 12936?
2, 3, 7, 11
List the prime factors of 28366.
2, 13, 1091
What are the prime factors of 13698?
2, 3, 761
What are the prime factors of 96416?
2, 23, 131
List the prime factors of 38799.
3, 479
What are the prime factors of 72905?
5, 7, 2083
List the prime factors of 1535.
5, 307
What are the prime factors of 20778?
2, 3, 3463
What are the prime factors of 504?
2, 3, 7
List the prime factors of 4.
2
List the prime factors of 622.
2, 311
List the prime factors of 28092.
2, 3, 2341
List the prime factors of 100384.
2, 3137
What are the prime factors of 12932?
2, 53, 61
What are the prime factors of 14908?
2, 3727
List the prime factors of 4637.
4637
What are the prime factors of 1591?
37, 43
List the prime factors of 935.
5, 11, 17
What are the prime factors of 8581?
8581
List the prime factors of 30903.
3, 10301
List the prime factors of 50322.
2, 3, 8387
What are the prime factors of 12650?
2, 5, 11, 23
What are the prime factors of 126?
2, 3, 7
List the prime factors of 3605.
5, 7, 103
List the prime factors of 56152.
2, 7019
What are the prime factors of 2559?
3, 853
List the prime factors of 22080.
2, 3, 5, 23
What are the prime factors of 3215?
5, 643
List the prime factors of 19743.
3, 6581
List the prime factors of 7339.
41, 179
List the prime factors of 1164.
2, 3, 97
What are the prime factors of 8847?
3, 983
List the prime factors of 17606.
2, 8803
List the prime factors of 96986.
2, 71, 683
What are the prime factors of 1482?
2, 3, 13, 19
What are the prime factors of 1776?
2, 3, 37
What are the prime factors of 753?
3, 251
List the prime factors of 5260.
2, 5, 263
List the prime factors of 22083.
3, 17, 433
What are the prime factors of 2219?
7, 317
What are the prime factors of 2959?
11, 269
List the prime factors of 241.
241
List the prime factors of 586.
2, 293
What are the prime factors of 4890?
2, 3, 5, 163
List the prime factors of 48883.
48883
What are the prime factors of 1357?
23, 59
What are the prime factors of 7314?
2, 3, 23, 53
What are the prime factors of 66507?
3, 7, 3167
What are the prime factors of 1127?
7, 23
What are the prime factors of 760?
2, 5, 19
List the prime factors of 12615.
3, 5, 29
List the prime factors of 749.
7, 107
What are the prime factors of 732?
2, 3, 61
List the prime factors of 24631.
24631
What are the prime factors of 337?
337
What are the prime factors of 580?
2, 5, 29
What are the prime factors of 3148?
2, 787
List the prime factors of 11049.
3, 29, 127
List the prime factors of 3626.
2, 7, 37
What are the prime factors of 22391?
22391
What are the prime factors of 70583?
70583
List the prime factors of 1830.
2, 3, 5, 61
What are the prime factors of 9477?
3, 13
List the prime factors of 186776.
2, 37, 631
What are the prime factors of 42565?
5, 8513
What are the prime factors of 45725?
5, 31, 59
List the prime factors of 1428.
2, 3, 7, 17
List the prime factors of 152563.
152563
List the prime factors of 712.
2, 89
List the prime factors of 3028.
2, 757
List the prime factors of 69321.
3, 7, 3301
List the prime factors of 14749.
7, 43
What are the prime factors of 4012?
2, 17, 59
What are the prime factors of 27748?
2, 7, 991
What are the prime factors of 4551?
3, 37, 41
List the prime factors of 150460.
2, 5, 7523
What are the prime factors of 2738?
2, 37
List 